).
-15
Let o(f) = -2*f - 14. Give o(-9).
4
Let a(t) = -52*t - 320. What is a(-6)?
-8
Let q(d) = -d**3 + 3*d**2 + 11*d + 5. Give q(5).
10
Let p(h) = -h**3 + 4*h**2 + 3*h. Calculate p(5).
-10
Let c(u) = -u**3 + 5*u**2 + 8*u - 5. What is c(6)?
7
Let j(s) = s**2 - 17*s + 48. Give j(18).
66
Let x(z) = -25*z + 1. Give x(-2).
51
Let n(v) = v**2 - 15*v - 127. Calculate n(21).
-1
Let c(u) = u**3 + 25*u**2 + 43*u + 1073. Determine c(-25).
-2
Let b(a) = 6*a**3 - 114*a**2 - 14. Calculate b(19).
-14
Let r(z) = z**3 + z**2 - z - 6. Calculate r(0).
-6
Let d(k) = -15*k + 73. What is d(5)?
-2
Let v(a) = -a**3 - 3*a**2 - 3*a + 7. Give v(-4).
35
Let z(l) = 46*l + 6. What is z(0)?
6
Let p(q) = 4*q + 45. Determine p(-14).
-11
Let x(j) = j**2 + 9*j - 28. Calculate x(-10).
-18
Let v(u) = -u**3 - 4*u**2 + 9*u + 6. Give v(-6).
24
Let v(z) = z**3 + 5*z**2 - 9*z - 6. Determine v(-6).
12
Let p(m) = -m**2 + 4*m + 7. Calculate p(6).
-5
Let m(k) = -7*k - 12. What is m(-5)?
23
Let n(c) = -2*c**3 + 35*c**2 - 16*c - 10. Give n(17).
7
Let k(y) = -18*y + 2. Calculate k(1).
-16
Let h(y) = -y**3 - 36*y**2 - 239*y + 37. Give h(-9).
1
Let m(u) = -2*u**2 - 14*u - 44. Give m(-4).
-20
Let t(c) = -5*c - 35. What is t(-6)?
-5
Let i(g) = -g - 27. Determine i(-20).
-7
Let k(q) = -7*q**3 + q**2 + q - 1. Give k(1).
-6
Let t(g) = g + 15. What is t(-14)?
1
Let x(z) = 16*z + 48. What is x(-5)?
-32
Let k(b) = -5*b + 36. Give k(6).
6
Let t(a) = 5*a + 15. What is t(-6)?
-15
Let i(n) = 17*n + 528. Give i(-31).
1
Let b(y) = 2*y**3 - 2*y**2 + 3*y - 1. Give b(2).
13
Let h(a) = 3*a - 5. Calculate h(-4).
-17
Let p(a) = 2*a + 24. Give p(-16).
-8
Let k(m) = -4*m**2 - 32*m - 2. What is k(-8)?
-2
Let p(v) = v**2 - 69*v + 912. Calculate p(18).
-6
Let q(c) = 3*c**3 - 2*c**2 + 2*c - 1. What is q(1)?
2
Let x(f) = -f**3 + 11*f**2 - 14*f + 6. Calculate x(10).
-34
Let x(k) = 2*k**2 - 13*k - 4. Calculate x(7).
3
Let j(o) = -o**2 - 19*o + 55. Determine j(-22).
-11
Let l(i) = i - 14. Determine l(11).
-3
Let d(i) = -i**2 + 9*i - 9. What is d(6)?
9
Let m(c) = -6*c - 15. What is m(-10)?
45
Let z(g) = 2*g**3 - 7*g - 11. Determine z(-2).
-13
Let i(r) = r**2 - 18*r + 15. What is i(20)?
55
Let o(j) = j**3 - 13*j**2 - 16*j + 27. Determine o(14).
-1
Let c(n) = -n**3 - 12*n**2 - 21*n - 1. Give c(-10).
9
Let f(t) = -t**3 + 5*t**2 - t - 3. Calculate f(3).
12
Let o(q) = -2*q**3 - 8*q**2 + 46*q + 24. What is o(-7)?
-4
Let b(o) = o - 5. Give b(-3).
-8
Let i(a) = -a**2 - 25*a - 43. Calculate i(-23).
3
Let n(z) = 8*z + 29. What is n(-9)?
-43
Let w(d) = d**3 - 6*d**2 - 6*d + 2. Determine w(7).
9
Let s(j) = -12*j. Determine s(-2).
24
Let s(h) = -h - 4. Give s(16).
-20
Let f(z) = -3*z + 57. What is f(14)?
15
Let b(a) = -a**2 + 8. What is b(-4)?
-8
Let h(q) = 6*q**3 + q. Give h(1).
7
Let a(c) = -c**3 + 7*c**2 + 63. What is a(8)?
-1
Let l(m) = -m**3 - 42*m**2. Give l(-42).
0
Let q(p) = 3*p - 1. Calculate q(4).
11
Let x(d) = d**2 - 20*d + 58. Give x(15).
-17
Let p(y) = 74*y + 522. Determine p(-7).
4
Let n(z) = -36*z - 225. Calculate n(-6).
-9
Let q(l) = -l**3 + 5*l + 8. Calculate q(-2).
6
Let u(s) = -3*s + 4. What is u(14)?
-38
Let c(n) = -n**3 - 20*n**2 + 68*n - 2. Determine c(3).
-5
Let l(m) = 13*m - 975. What is l(75)?
0
Let m(p) = -p**2 - 2*p + 7. Calculate m(-7).
-28
Let v(j) = -j**2 + 2*j - 1. Calculate v(2).
-1
Let j(g) = -g**2 + 10*g + 5. Calculate j(10).
5
Let a(o) = -o**3 - 12*o**2 - 21*o - 13. Give a(-11).
97
Let t(x) = -2*x**2 - 38*x + 7. What is t(-19)?
7
Let q(z) = -21*z + 117. Determine q(6).
-9
Let c(x) = -x**2 - 16*x - 20. Give c(-10).
40
Let c(r) = r + 42. Give c(8).
50
Let f(h) = -7*h**3 + 10*h**2 + 4*h + 1. What is f(2)?
-7
Let i(r) = -r**3 - 4*r**2 + 3*r. Give i(2).
-18
Let s(k) = -2*k + 3. Give s(-23).
49
Let j(d) = -d**2 + 6*d. What is j(5)?
5
Let c(p) = 2*p**3 - 12*p**2 - 3*p + 3. Determine c(5).
-62
Let c(u) = -30*u**2. Calculate c(1).
-30
Let u(y) = 5*y**3 - 30*y**2 + 37*y - 5. What is u(4)?
-17
Let a(f) = -f**3 - f**2 + 7*f + 1. Calculate a(-3).
-2
Let r(i) = i**3 - 9*i**2 + 15*i - 6. Determine r(7).
1
Let s(o) = -6*o + 83. Determine s(15).
-7
Let y(h) = 4*h**2 - 6*h + 5. Calculate y(4).
45
Let a(s) = -3*s - 64. Calculate a(-19).
-7
Let y(f) = 11*f - 12. Give y(-5).
-67
Let s(c) = -7*c - 11. Determine s(4).
-39
Let p(l) = -l - 12. Give p(-9).
-3
Let s(w) = -w**3 + 13*w**2 - 27*w - 26. Calculate s(10).
4
Let o(n) = n**2 + 3*n + 1. What is o(-2)?
-1
Let d(j) = 6*j - 14. Give d(6).
22
Let x(l) = -l**3 - 8*l**2 - 2*l - 18. Determine x(-8).
-2
Let s(x) = -x**3 + 6*x**2 + 3*x + 24. Determine s(7).
-4
Let c(y) = -8*y - 48. Calculate c(-9).
24
Let s(w) = -2*w**2 - 34*w - 18. Calculate s(-16).
14
Let p(i) = -i**3 + 13*i**2 + 2*i - 19. What is p(13)?
7
Let h(n) = 8*n + 54. What is h(-6)?
6
Let q(f) = -f**2 - 17*f + 21. What is q(-19)?
-17
Let d(w) = -w**2 + 3*w + 6. What is d(4)?
2
Let w(g) = g**3 - 13*g**2 - 11*g - 32. Determine w(14).
10
Let m(q) = q**2 + 8*q + 14. What is m(-6)?
2
Let m(l) = -l + 43. Determine m(17).
26
Let i(v) = v**2 - v - 6. Calculate i(-4).
14
Let u(q) = 52*q**2 - q - 1. Give u(-1).
52
Let f(u) = -u**3 - 7*u**2 - 3*u + 34. Calculate f(-5).
-1
Let n(r) = 25*r**2 + 2*r - 2. Determine n(2).
102
Let l(d) = -d**2 - 8*d + 2. What is l(-3)?
17
Let g(s) = 41*s - 15. What is g(4)?
149
Let a(r) = -r**2 - 4*r + 3. Determine a(-6).
-9
Let y(j) = -6*j - 8. Give y(-6).
28
Let r(j) = j**2 + 3*j - 8. Give r(-4).
-4
Let m(r) = -r**3 - 4*r**2 + 6*r + 4. Give m(-5).
-1
Let h(z) = 8*z + 232. What is h(-31)?
-16
Let y(p) = -5*p + 11. Determine y(-1).
16
Let x(g) = -33*g - 203. Give x(-6).
-5
Let w(c) = 4*c + 10. Determine w(-4).
-6
Let g(a) = -8*a - 126. Determine g(-21).
42
Let v(f) = 8*f + 9. Determine v(-7).
-47
Let r(l) = -l**3 - 21*l**2 - 2. Determine r(-21).
-2
Let r(u) = u**2 + 30*u + 115. Give r(-26).
11
Let y(z) = -7*z - 1. What is y(-1)?
6
Let y(a) = -a**3 - 5*a**2 + 38*a + 181. Determine y(-6).
-11
Let k(c) = -3*c**2 + 49*c - 43. Determine k(15).
17
Let s(a) = a**3 - 25*a**2 - 47*a - 191. Determine s(27).
-2
Let t(s) = 2*s**2 - 78*s - 85. Determine t(40).
-5
Let j(p) = p**3 + 20*p**2 - 69*p - 13. Calculate j(-23).
-13
Let y(i) = -7*i - 161. Calculate y(-24).
7
Let w(z) = z**3 - 6*z**2 + 3*z + 13. Give w(5).
3
Let y(c) = 3*c**2 - 33*c + 77. Determine y(4).
-7
Let d(x) = x**3 - 20*x**2 + 2*x - 32. Calculate d(20).
8
Let y(q) = -q**2 - 23*q + 83. Calculate y(-27).
-25
Let z(o) = -4*o**2 + 4*o + 5. Give z(-2).
-19
Let x(k) = k + 5. Determine x(-3).
2
Let n(y) = -2*y - 10. Determine n(-6).
2
Let f(g) = -5*g + 61. Determine f(12).
1
Let t(j) = 2*j**2 + 10*j - 102. Calculate t(-11).
30
Let y(i) = -i**3 - 17*i**2 - 17*i. Determine y(-16).
16
Let f(q) = 10*q**2 - 129*q - 16. What is f(13)?
-3
Let d(j) = j**3 - 55*j**2 - 56*j + 1. Give d(56).
1
Let d(t) = t**3 - 5*t**2 - t + 2. What is d(6)?
32
Let g(m) = 3*m - 1. Calculate g(7).
20
Let q(z) = 8*z**2 - 65*z + 5. What is q(8)?
-3
Let k(y) = -y**2 - 7*y - 6. Give k(-7).
-6
Let j(z) = -2*z + 6. Calculate j(7).
-8
Let f(g) = 4*g**2 - 178*g - 97. What is f(45)?
-7
Let s(g) = -38*g + 13. Determine s(-2).
89
Let h(n) = -n**3 + 8*n**2 + 5*n + 10. Determine h(9).
-26
Let n(f) = f**3 + 22*f**2 + 41*f + 18. Give n(-20).
-2
Let j(t) = -7*t + 137. Give j(20).
-3
Let b(r) = -4*r + 9. What is b(9)?
-27
Let c(y) = y**3 - 9*y**2 - 10*y + 11. Determine c(10).
11
Let c(f) = -6*f - 49. What is c(-9)?
5
Let k(t) = 2*t**3 + t**2 - 2*t + 10. Give k(-3).
-29
Let b(n) = 20*n - 405. Give b(20).
-5
Let m(x) = 4*x - 4. What is m(4)?
12
Let q(i) = 18*i + 7. What is q(0)?
7
Let r(o) = 2*o - 148. Calculate r(22).
-104
Let n(s) = s**2 - 13*s + 4. What is n(14)?
18
Let z(b) = 16*b - 10. What is z(4)?
54
Let t(g) = -5*g**2 + 191*g - 44. Calculate t(38).
-6
Let r(q) = 4*q + 4. What is r(4)?
20
Let m(w) = -w**3 - 11*w**2 - 13*w + 3. Give m(-10).
33
Let c(a) = a**2 - 10*a + 2. What is c(10)?
2
Let d(s) = s - 21. Give d(17).
-4
Let w(i) = -5*i - 72. Calculate w(-14).
-2
Let b(w) = -2*w**2 + w - 6. Determine b(-3).
-27
Let i(w) = -w**2 - 13*w - 4. Determine i(-5).
36
Let y(i) = i**3 - 5*i**2 - 7*i. Give y(6).
-6
Let i(n) = -3*n**3 - 2*n**2 + 4*n - 2. Calculate i(-2).
6
Let x(y) = y**3 + 36*y**2 + y + 32. Determine x(-36).
-4
Let v(t) = -t + 1. What is v(-1)?
2
Let m(n) = 3*n - 15. Calculate m(7).
6
Let